divided by u.
10
Let j = 2 - -2. Suppose -j*p + p = -69. Suppose 2*o - 5*o = -30*w + 285, 0 = 3*o + 51 - 66. Calculate the remainder when p is divided by w.
3
What is the remainder when (-717 - 268)*(-42)/15 is divided by 154?
140
Suppose -g + 21 - 25 = 0, 0 = h - 3*g - 22. Calculate the remainder when 5 + ((-2)/h)/(5/(-2225)) is divided by 49.
45
Suppose 36*m - 37*m = -6. Suppose 3*l - 6*l = -96. What is the remainder when l is divided by m?
2
Let u be (12/5)/(6/(-20)). Let s(i) = -17*i - 112. What is the remainder when 71 is divided by s(u)?
23
Suppose -15*n = 134*n - 62133. Calculate the remainder when n is divided by 94.
41
Let d(s) = s**3 - 22*s**2 - 8*s - 268. What is the remainder when d(23) is divided by 69?
8
Let w = 4 - -1. Let g be (-100)/125 - (-8)/10. Suppose w*n - 3*b - 58 = -g*b, 2*n - 23 = b. What is the remainder when 40 is divided by n?
7
Let a(s) = 3*s - 12. Let l be a(11). Suppose -5*d - 2*h = 2 - 147, d + 5*h = 29. What is the remainder when d is divided by (-158)/(-14) - 6/l?
7
Let d be 266/4 - (-21)/(-42). Suppose -50*l + d*l = 288. Calculate the remainder when 89 is divided by l.
17
Suppose -4*h - 11*a = -4*a - 52, -4*h + 8 = -4*a. Calculate the remainder when 800 is divided by h.
2
Suppose -d + 4*d = t - 45, 2*t - 57 = -5*d. Let u = -25 - -225. Let j = 214 - u. What is the remainder when t is divided by j?
8
Let v = 2749 - 2600. Calculate the remainder when v is divided by 3.
2
Let o = -85 - -55. What is the remainder when (o/(-9))/((-20)/(-510)) is divided by 7?
1
Let r = 2 + 0. Suppose -10 = -f + 4*w, 4*w = r*w. What is the remainder when (-9 + 27 + -9)*11 is divided by f?
9
Suppose -88*f + 1139 - 83 = 0. Let v(q) = 3*q**2 - 29*q - 9. What is the remainder when v(11) is divided by f?
11
Let h(f) = -f**2 - 13*f - 5. Let o be 7/7*(7 - (-2)/(-1)). Let x(y) = y - 17. Let k be x(o). What is the remainder when 12 is divided by h(k)?
5
What is the remainder when 138 is divided by 6/63 - (-77600)/1050?
64
Suppose -10 = -n - 2*y, 5*y = -3*n + 2*n + 25. Suppose n = -a - 98 + 88. What is the remainder when 43 is divided by 14 + 6*5/a?
10
Let b(p) = 14*p**3 + 2*p + 2. Let w be (3/(-3))/(4 - 3). Let x be b(w). What is the remainder when 20 is divided by 1 + 18/x + 130/14?
2
Suppose -38*z + 465 + 4057 = 0. What is the remainder when z is divided by 26?
15
Suppose -57*a - 4*a + 279 = 32*a. What is the remainder when 99 is divided by a?
0
Suppose -3*b = -5*b + 750. Calculate the remainder when b is divided by (6 + -1 - -1)*((-924)/(-24))/11.
18
Suppose 0 = 4*a + 31*j - 32*j - 1080, -5*j = -4*a + 1080. Calculate the remainder when 584 is divided by a.
44
Let g(n) be the third derivative of n**4/24 + 8*n**3/3 + 8*n**2. Let l be g(-3). What is the remainder when (3 - 3) + l + -2 is divided by 7?
4
Suppose -250*w + 7842 = -7123 - 285. Let m = 47 - 26. What is the remainder when w is divided by m?
19
Suppose 164472 + 37884 = 154*z. What is the remainder when z is divided by 165?
159
Let b = 2152 - 1866. Suppose -g + 4*g = 96. What is the remainder when b is divided by g?
30
Let r = 4790 + -4555. What is the remainder when r is divided by 63?
46
Suppose 0 = -5*x - 3*b + 2158, -2*x - 4*b + 1297 = x. Calculate the remainder when x is divided by ((-540)/(-50) - 8)*(650/20)/13.
4
Suppose -151*i - 238 + 1048 = -16*i. Calculate the remainder when 539 is divided by i.
5
Suppose 4*r = 5*u + 53, 3*u = -r + 7 + 2. Suppose -4*a + 667 = -11*m + 8*m, -4*m + r = 0. What is the remainder when a is divided by 87?
82
Let o be 53/2*(4 - 2). Let q be ((-3)/2)/((-87)/(-232)). Let a = o + q. What is the remainder when a is divided by 26?
23
Suppose -3*b = 0, 66 = f - 6*b + 2*b. Suppose -p = 4*n - f, 3 - 17 = -n + p. Calculate the remainder when 364 is divided by n.
12
Let b(l) = -2*l - l - 86 + 247 - 15. What is the remainder when 150 is divided by b(36)?
36
Suppose 0*z - 84 = -3*z. Let r be ((-18)/(-15))/((-5)/(300/(-8))). Suppose r*x + 167 = 1166. What is the remainder when x is divided by z?
27
Let r be 19*-1*(-2)/3*6. Suppose -84*m = -r*m - 592. What is the remainder when m is divided by 5?
4
Let n(g) = 7*g + 13. Let x be n(-2). Let l(v) be the third derivative of -3*v**4/4 + 4*v**3/3 - 8*v**2. What is the remainder when 77 is divided by l(x)?
25
Let m(i) = -i**2 + 9*i + 3. Let k be m(9). Let z be k - 5/(5/(-2)). Suppose x + 125 = 2*s, -z*x + 2*x = -15. What is the remainder when s is divided by 17?
14
Let r = 331 - 289. What is the remainder when ((-2607)/(-132))/(2/(-16)*-2) is divided by r?
37
Let a(i) = i**2 + 9*i - 16. Let g be a(-9). Let h(o) = -96*o - 2. What is the remainder when h(-1) is divided by g/5*(-10)/2 - 0?
14
Let j = 189 - 134. Let s = j + -33. Suppose -79*h + 2172 = -909. What is the remainder when h is divided by s?
17
Let w = 156 + -132. Let u(g) = g**2 - 22*g - 46. Calculate the remainder when 19 is divided by u(w).
1
Let l(q) = 2 - 3 - 2*q**2 - 10*q - 2. Let x(a) = -a**3 + 6*a**2 + 31*a - 171. Let m be x(7). What is the remainder when 35 is divided by l(m)?
8
Let f(o) = -8*o + 89. Let s(w) = w**2 + 13*w + 44. Let r be s(-7). Calculate the remainder when f(r) is divided by 22.
7
Calculate the remainder when 6557 is divided by (-796)/(-8) - 117/(-78).
93
Let q = 757 + -658. Let f = -70 + q. What is the remainder when 193 is divided by f?
19
Let n be 86/215*5/(-1 + 0). What is the remainder when 133 is divided by 1 - (-3 - 20 - (n + 1))?
18
What is the remainder when 2141 - (9 - (-98)/(-7) - 2) is divided by 90?
78
Suppose -4*g = 5*x - 551, x = 13*g - 14*g + 139. Let f = 11 + -32. What is the remainder when 106 is divided by g/28*f/(-6)?
16
Let w be 52/10 - 2/10. Let x = 135029 + -135021. Calculate the remainder when (0 - 24/(-5))*w is divided by x.
0
Suppose 0 = -103*r + 290*r - 22627. Calculate the remainder when 846 is divided by r.
120
Suppose 4*x - 7856 = -5*g + 943, -3*x - 45850 = -26*g. What is the remainder when 1769 is divided by g?
6
Let m be (3 - -3)*335/(-10). Calculate the remainder when 195 is divided by m/(-9) + (50/(-15) - -3).
19
Let i = 1632 - 1551. What is the remainder when i is divided by 33?
15
Calculate the remainder when ((-3850)/225)/((-3)/108) is divided by 81.
49
Let p(f) = 151*f**2 + 32*f + 6. What is the remainder when p(-4) is divided by 9?
8
Let a be (-396 + 3 - (-4 + 4))*-1. Let u = 438 - a. What is the remainder when 1079 is divided by u?
44
Let b = -2307 - -2372. Calculate the remainder when 209 is divided by b.
14
Let l(u) = 2*u**2 - 2*u - 13. Let n be l(-3). What is the remainder when n*29 - (-9)/18*0 is divided by 16?
15
Let k(f) = f**2 + 10 - 3*f**3 + 47*f + 2*f**3 - 49*f. Let o(t) = -t**2 + 4*t + 5. Let v be o(5). What is the remainder when 18 is divided by k(v)?
8
Let t be ((-136)/3)/((-1)/3). Suppose -12 = -2*x + 13*c - 9*c, 13 = 3*x - c. Suppose t = x*w + 4*w. Calculate the remainder when 99 is divided by w.
14
Let g(z) = 257*z - 1335. Calculate the remainder when g(29) is divided by 36.
34
Suppose 11*s + 192 = 3*s. Let i = 29 + s. Suppose 2*q + 6 - 187 = -3*v, 444 = i*q - v. What is the remainder when q is divided by 32?
25
Let x = -87 - -142. Let m(v) = 213*v**2 + 5*v + 7. What is the remainder when m(-1) is divided by x?
50
What is the remainder when (-3)/((-6129)/1021 - 348/(-58)) is divided by 335?
16
Let i(r) = 480*r**3 - 2*r**2 - 3*r - 3. Let u be i(-1). Let v = u - -515. What is the remainder when v is divided by 21?
12
Let t(o) = 81*o - 497. Let z(u) = -u + 8. Let q(r) = -t(r) + 5*z(r). Let s(x) = 42*x - 3. What is the remainder when s(3) is divided by q(6)?
18
Suppose -b + 2 = 4*d, -34 = 3*d - 8*d + 4*b. Calculate the remainder when 111 is divided by d.
1
Let b = -219 + 441. Let q = -218 + b. Calculate the remainder when 13 is divided by q.
1
Let u = 450 - 458. Calculate the remainder when (13/(52/(-474)))/(6/u) is divided by 8.
6
Suppose 0 = 20*w - 22*w + 4. Suppose 12 = z - 3*t, -t = 5*z + w*t - 150. Suppose -19*n - 336 = -z*n. Calculate the remainder when 164 is divided by n.
38
Suppose 4*t + 35 = 363. Suppose 115 = 5*c - 2*f, -19*c + 23*c + 3*f = 115. What is the remainder when t is divided by c?
7
Suppose 261 - 683 = -27*g + 847. Let l = 19 - 9. Calculate the remainder when g is divided by l.
7
Let h = 128 - 134. Calculate the remainder when 224 is divided by (2/(-5))/(8/190